{"id":1095,"date":"2019-10-08T22:41:43","date_gmt":"2019-10-08T20:41:43","guid":{"rendered":"http:\/\/cadencebrillante.com\/?post_type=artist&#038;p=1095"},"modified":"2019-10-13T21:41:18","modified_gmt":"2019-10-13T19:41:18","slug":"cedric-lorel","status":"publish","type":"artist","link":"https:\/\/cadencebrillante.com\/index.php\/artist\/cedric-lorel\/","title":{"rendered":"C\u00e9dric Lorel"},"content":{"rendered":"<p style=\"text-align: justify;\">C\u00e9dric Lorel, piano<\/p>\n<p style=\"text-align: justify;\">Pianiste depuis son plus jeune \u00e2ge, C\u00e9dric Lorel est re\u00e7u \u00e0 treize ans au CRR de Paris, dans la classe de Billy Eidi, o\u00f9 il remporte trois premiers prix (piano, d\u00e9chiffrage et formation musicale). Il effectue ensuite de brillantes \u00e9tudes au CNSM de Paris : form\u00e9 notamment par Henri Barda, Isabelle Dubuis, Christian Ivaldi et Jean Koerner, il obtient le Dipl\u00f4me de Formation Sup\u00e9rieure en piano, musique de chambre et accompagnement, ainsi qu&rsquo;un premier prix d&rsquo;harmonie. Durant une dizaine d\u2019ann\u00e9es, il travaille \u00e9galement aupr\u00e8s de Lucienne Marino-Bloch (disciple de Lef\u00e9bure et Michelangeli), qui lui prodigue de pr\u00e9cieux conseils et encouragements, et participe aux master class de l\u2019Acad\u00e9mie de Flaine avec Dominique Merlet et Pascal Devoyon.<\/p>\n<p style=\"text-align: justify;\">Laur\u00e9at de nombreux concours, il a eu tout jeune l&rsquo;occasion de jouer dans des salles prestigieuses, en solo ou avec orchestre. Il est \u00e9galement invit\u00e9 \u00e0 plusieurs reprises au Festival International de la Roque d&rsquo;Anth\u00e9ron, dans le cadre des ensembles en r\u00e9sidence.<\/p>\n<p>&nbsp;<\/p>\n\n\t\t<style>\n\t\t\t#gallery-1 {\n\t\t\t\tmargin: auto;\n\t\t\t}\n\t\t\t#gallery-1 .gallery-item {\n\t\t\t\tfloat: left;\n\t\t\t\tmargin-top: 10px;\n\t\t\t\ttext-align: center;\n\t\t\t\twidth: 33%;\n\t\t\t}\n\t\t\t#gallery-1 img {\n\t\t\t\tborder: 2px solid #cfcfcf;\n\t\t\t}\n\t\t\t#gallery-1 .gallery-caption {\n\t\t\t\tmargin-left: 0;\n\t\t\t}\n\t\t\t\/* see gallery_shortcode() in wp-includes\/media.php *\/\n\t\t<\/style>\n\t\t<div id='gallery-1' class='gallery galleryid-1095 gallery-columns-3 gallery-size-thumbnail'><dl class='gallery-item'>\n\t\t\t<dt class='gallery-icon landscape'>\n\t\t\t\t<a href='https:\/\/cadencebrillante.com\/wp-content\/uploads\/2019\/10\/Lorel-03-e1570995620935.jpg'><img loading=\"lazy\" decoding=\"async\" width=\"150\" height=\"150\" src=\"https:\/\/cadencebrillante.com\/wp-content\/uploads\/2019\/10\/Lorel-03-150x150.jpg\" class=\"attachment-thumbnail size-thumbnail\" alt=\"\" srcset=\"https:\/\/cadencebrillante.com\/wp-content\/uploads\/2019\/10\/Lorel-03-150x150.jpg 150w, https:\/\/cadencebrillante.com\/wp-content\/uploads\/2019\/10\/Lorel-03-170x170.jpg 170w, https:\/\/cadencebrillante.com\/wp-content\/uploads\/2019\/10\/Lorel-03-670x670.jpg 670w, https:\/\/cadencebrillante.com\/wp-content\/uploads\/2019\/10\/Lorel-03-60x60.jpg 60w, https:\/\/cadencebrillante.com\/wp-content\/uploads\/2019\/10\/Lorel-03-420x420.jpg 420w, https:\/\/cadencebrillante.com\/wp-content\/uploads\/2019\/10\/Lorel-03-380x380.jpg 380w, https:\/\/cadencebrillante.com\/wp-content\/uploads\/2019\/10\/Lorel-03-180x180.jpg 180w\" sizes=\"auto, (max-width: 150px) 100vw, 150px\" \/><\/a>\n\t\t\t<\/dt><\/dl><dl class='gallery-item'>\n\t\t\t<dt class='gallery-icon portrait'>\n\t\t\t\t<a href='https:\/\/cadencebrillante.com\/wp-content\/uploads\/2019\/10\/Lorel-04-e1570995594806.jpg'><img loading=\"lazy\" decoding=\"async\" width=\"150\" height=\"150\" src=\"https:\/\/cadencebrillante.com\/wp-content\/uploads\/2019\/10\/Lorel-04-150x150.jpg\" class=\"attachment-thumbnail size-thumbnail\" alt=\"\" srcset=\"https:\/\/cadencebrillante.com\/wp-content\/uploads\/2019\/10\/Lorel-04-150x150.jpg 150w, https:\/\/cadencebrillante.com\/wp-content\/uploads\/2019\/10\/Lorel-04-170x170.jpg 170w, https:\/\/cadencebrillante.com\/wp-content\/uploads\/2019\/10\/Lorel-04-670x670.jpg 670w, https:\/\/cadencebrillante.com\/wp-content\/uploads\/2019\/10\/Lorel-04-60x60.jpg 60w, https:\/\/cadencebrillante.com\/wp-content\/uploads\/2019\/10\/Lorel-04-420x420.jpg 420w, https:\/\/cadencebrillante.com\/wp-content\/uploads\/2019\/10\/Lorel-04-380x380.jpg 380w, https:\/\/cadencebrillante.com\/wp-content\/uploads\/2019\/10\/Lorel-04-180x180.jpg 180w\" sizes=\"auto, (max-width: 150px) 100vw, 150px\" \/><\/a>\n\t\t\t<\/dt><\/dl><dl class='gallery-item'>\n\t\t\t<dt class='gallery-icon landscape'>\n\t\t\t\t<a href='https:\/\/cadencebrillante.com\/wp-content\/uploads\/2019\/10\/Lorel-05-e1570995609796.jpg'><img loading=\"lazy\" decoding=\"async\" width=\"150\" height=\"150\" src=\"https:\/\/cadencebrillante.com\/wp-content\/uploads\/2019\/10\/Lorel-05-150x150.jpg\" class=\"attachment-thumbnail size-thumbnail\" alt=\"\" srcset=\"https:\/\/cadencebrillante.com\/wp-content\/uploads\/2019\/10\/Lorel-05-150x150.jpg 150w, https:\/\/cadencebrillante.com\/wp-content\/uploads\/2019\/10\/Lorel-05-170x170.jpg 170w, https:\/\/cadencebrillante.com\/wp-content\/uploads\/2019\/10\/Lorel-05-670x670.jpg 670w, https:\/\/cadencebrillante.com\/wp-content\/uploads\/2019\/10\/Lorel-05-60x60.jpg 60w, https:\/\/cadencebrillante.com\/wp-content\/uploads\/2019\/10\/Lorel-05-420x420.jpg 420w, https:\/\/cadencebrillante.com\/wp-content\/uploads\/2019\/10\/Lorel-05-380x380.jpg 380w, https:\/\/cadencebrillante.com\/wp-content\/uploads\/2019\/10\/Lorel-05-180x180.jpg 180w\" sizes=\"auto, (max-width: 150px) 100vw, 150px\" \/><\/a>\n\t\t\t<\/dt><\/dl><br style=\"clear: both\" \/>\n\t\t<\/div>\n\n<p>&nbsp;<\/p>\n<p style=\"text-align: justify;\">Musicien \u00e9clectique, particuli\u00e8rement passionn\u00e9 par la musique de chambre et l&rsquo;accompagnement, il appr\u00e9cie le partage dans divers domaines artistiques : danse, th\u00e9\u00e2tre, op\u00e9ra, com\u00e9die musicale, improvisation&#8230; Depuis de nombreuses ann\u00e9es, il se produit partout en France et \u00e0 l\u2019\u00e9tranger comme pianiste du Quatuor Caliente, un des ensembles les plus en vue de la sc\u00e8ne Nuevo Tango, avec lequel il a r\u00e9alis\u00e9 quatre albums remarqu\u00e9s. Outre Li-Kung Kuo, figurent \u00e9galement parmi ses partenaires de pr\u00e9dilection la violoniste Yuri Kuroda, l&rsquo;altiste Manuel Vioque-Judde et les violoncellistes Val\u00e9rie Aimard et Antonina Zharava. Il s\u2019est d\u00e9j\u00e0 rendu plusieurs fois \u00e0 Ta\u00efwan pour des tourn\u00e9es de concerts en duo, quintette avec piano ou soliste, ainsi que des spectacles musicaux aux c\u00f4t\u00e9s de l&rsquo;ensemble Miro.<\/p>\n<p style=\"text-align: justify;\">C\u00e9dric Lorel est r\u00e9guli\u00e8rement sollicit\u00e9 par des formations de premier plan (Choeur de Radio France, Orchestre de Paris, Orchestre Fran\u00e7ais des Jeunes, Le Palais Royal&#8230;) ainsi que pour des stages et acad\u00e9mies d&rsquo;\u00e9t\u00e9. Titulaire du Certificat d\u2019Aptitude, il consacre une large part de son temps \u00e0 la p\u00e9dagogie et enseigne actuellement \u00e0 Paris aux conservatoires Jean-Philippe Rameau, Maurice Ravel et au CNSMDP.<\/p>\n","protected":false},"featured_media":1097,"menu_order":0,"template":"","artistgenre":[],"class_list":["post-1095","artist","type-artist","status-publish","has-post-thumbnail","hentry"],"_links":{"self":[{"href":"https:\/\/cadencebrillante.com\/index.php\/wp-json\/wp\/v2\/artist\/1095","targetHints":{"allow":["GET"]}}],"collection":[{"href":"https:\/\/cadencebrillante.com\/index.php\/wp-json\/wp\/v2\/artist"}],"about":[{"href":"https:\/\/cadencebrillante.com\/index.php\/wp-json\/wp\/v2\/types\/artist"}],"wp:featuredmedia":[{"embeddable":true,"href":"https:\/\/cadencebrillante.com\/index.php\/wp-json\/wp\/v2\/media\/1097"}],"wp:attachment":[{"href":"https:\/\/cadencebrillante.com\/index.php\/wp-json\/wp\/v2\/media?parent=1095"}],"wp:term":[{"taxonomy":"artistgenre","embeddable":true,"href":"https:\/\/cadencebrillante.com\/index.php\/wp-json\/wp\/v2\/artistgenre?post=1095"}],"curies":[{"name":"wp","href":"https:\/\/api.w.org\/{rel}","templated":true}]}}

Cédric Lorel

<p style="text-align: justify;">Cédric Lorel, piano</p>
<p style="text-align: justify;">Pianiste depuis son plus jeune âge, Cédric Lorel est reçu à treize ans au CRR de Paris, dans la classe de Billy Eidi, où il remporte trois premiers prix (piano, déchiffrage et formation musicale). Il effectue ensuite de brillantes études au CNSM de Paris : formé notamment par Henri Barda, Isabelle Dubuis, Christian Ivaldi et Jean Koerner, il obtient le Diplôme de Formation Supérieure en piano, musique de chambre et accompagnement, ainsi qu&rsquo;un premier prix d&rsquo;harmonie. Durant une dizaine d’années, il travaille également auprès de Lucienne Marino-Bloch (disciple de Lefébure et Michelangeli), qui lui prodigue de précieux conseils et encouragements, et participe aux master class de l’Académie de Flaine avec Dominique Merlet et Pascal Devoyon.</p>
<p style="text-align: justify;">Lauréat de nombreux concours, il a eu tout jeune l&rsquo;occasion de jouer dans des salles prestigieuses, en solo ou avec orchestre. Il est également invité à plusieurs reprises au Festival International de la Roque d&rsquo;Anthéron, dans le cadre des ensembles en résidence.</p>
<p>&nbsp;</p>

		<style>
			#gallery-1 {
				margin: auto;
			}
			#gallery-1 .gallery-item {
				float: left;
				margin-top: 10px;
				text-align: center;
				width: 33%;
			}
			#gallery-1 img {
				border: 2px solid #cfcfcf;
			}
			#gallery-1 .gallery-caption {
				margin-left: 0;
			}
			/* see gallery_shortcode() in wp-includes/media.php */
		</style>
		<div id='gallery-1' class='gallery galleryid-1095 gallery-columns-3 gallery-size-thumbnail'><dl class='gallery-item'>
			<dt class='gallery-icon landscape'>
				<a href='https://cadencebrillante.com/wp-content/uploads/2019/10/Lorel-03-e1570995620935.jpg'><img loading="lazy" decoding="async" width="150" height="150" src="https://cadencebrillante.com/wp-content/uploads/2019/10/Lorel-03-150x150.jpg" class="attachment-thumbnail size-thumbnail" alt="" srcset="https://cadencebrillante.com/wp-content/uploads/2019/10/Lorel-03-150x150.jpg 150w, https://cadencebrillante.com/wp-content/uploads/2019/10/Lorel-03-170x170.jpg 170w, https://cadencebrillante.com/wp-content/uploads/2019/10/Lorel-03-670x670.jpg 670w, https://cadencebrillante.com/wp-content/uploads/2019/10/Lorel-03-60x60.jpg 60w, https://cadencebrillante.com/wp-content/uploads/2019/10/Lorel-03-420x420.jpg 420w, https://cadencebrillante.com/wp-content/uploads/2019/10/Lorel-03-380x380.jpg 380w, https://cadencebrillante.com/wp-content/uploads/2019/10/Lorel-03-180x180.jpg 180w" sizes="auto, (max-width: 150px) 100vw, 150px" /></a>
			</dt></dl><dl class='gallery-item'>
			<dt class='gallery-icon portrait'>
				<a href='https://cadencebrillante.com/wp-content/uploads/2019/10/Lorel-04-e1570995594806.jpg'><img loading="lazy" decoding="async" width="150" height="150" src="https://cadencebrillante.com/wp-content/uploads/2019/10/Lorel-04-150x150.jpg" class="attachment-thumbnail size-thumbnail" alt="" srcset="https://cadencebrillante.com/wp-content/uploads/2019/10/Lorel-04-150x150.jpg 150w, https://cadencebrillante.com/wp-content/uploads/2019/10/Lorel-04-170x170.jpg 170w, https://cadencebrillante.com/wp-content/uploads/2019/10/Lorel-04-670x670.jpg 670w, https://cadencebrillante.com/wp-content/uploads/2019/10/Lorel-04-60x60.jpg 60w, https://cadencebrillante.com/wp-content/uploads/2019/10/Lorel-04-420x420.jpg 420w, https://cadencebrillante.com/wp-content/uploads/2019/10/Lorel-04-380x380.jpg 380w, https://cadencebrillante.com/wp-content/uploads/2019/10/Lorel-04-180x180.jpg 180w" sizes="auto, (max-width: 150px) 100vw, 150px" /></a>
			</dt></dl><dl class='gallery-item'>
			<dt class='gallery-icon landscape'>
				<a href='https://cadencebrillante.com/wp-content/uploads/2019/10/Lorel-05-e1570995609796.jpg'><img loading="lazy" decoding="async" width="150" height="150" src="https://cadencebrillante.com/wp-content/uploads/2019/10/Lorel-05-150x150.jpg" class="attachment-thumbnail size-thumbnail" alt="" srcset="https://cadencebrillante.com/wp-content/uploads/2019/10/Lorel-05-150x150.jpg 150w, https://cadencebrillante.com/wp-content/uploads/2019/10/Lorel-05-170x170.jpg 170w, https://cadencebrillante.com/wp-content/uploads/2019/10/Lorel-05-670x670.jpg 670w, https://cadencebrillante.com/wp-content/uploads/2019/10/Lorel-05-60x60.jpg 60w, https://cadencebrillante.com/wp-content/uploads/2019/10/Lorel-05-420x420.jpg 420w, https://cadencebrillante.com/wp-content/uploads/2019/10/Lorel-05-380x380.jpg 380w, https://cadencebrillante.com/wp-content/uploads/2019/10/Lorel-05-180x180.jpg 180w" sizes="auto, (max-width: 150px) 100vw, 150px" /></a>
			</dt></dl><br style="clear: both" />
		</div>

<p>&nbsp;</p>
<p style="text-align: justify;">Musicien éclectique, particulièrement passionné par la musique de chambre et l&rsquo;accompagnement, il apprécie le partage dans divers domaines artistiques : danse, théâtre, opéra, comédie musicale, improvisation&#8230; Depuis de nombreuses années, il se produit partout en France et à l’étranger comme pianiste du Quatuor Caliente, un des ensembles les plus en vue de la scène Nuevo Tango, avec lequel il a réalisé quatre albums remarqués. Outre Li-Kung Kuo, figurent également parmi ses partenaires de prédilection la violoniste Yuri Kuroda, l&rsquo;altiste Manuel Vioque-Judde et les violoncellistes Valérie Aimard et Antonina Zharava. Il s’est déjà rendu plusieurs fois à Taïwan pour des tournées de concerts en duo, quintette avec piano ou soliste, ainsi que des spectacles musicaux aux côtés de l&rsquo;ensemble Miro.</p>
<p style="text-align: justify;">Cédric Lorel est régulièrement sollicité par des formations de premier plan (Choeur de Radio France, Orchestre de Paris, Orchestre Français des Jeunes, Le Palais Royal&#8230;) ainsi que pour des stages et académies d&rsquo;été. Titulaire du Certificat d’Aptitude, il consacre une large part de son temps à la pédagogie et enseigne actuellement à Paris aux conservatoires Jean-Philippe Rameau, Maurice Ravel et au CNSMDP.</p>
