{"id":433,"date":"2019-09-18T01:44:28","date_gmt":"2019-09-17T23:44:28","guid":{"rendered":"http:\/\/nmgztrb.cluster020.hosting.ovh.net\/?post_type=product&#038;p=433"},"modified":"2020-02-19T02:16:19","modified_gmt":"2020-02-19T01:16:19","slug":"le-temps-retrouve-oeuvres-pour-violon-et-piano","status":"publish","type":"product","link":"https:\/\/cadencebrillante.com\/index.php\/produit\/le-temps-retrouve-oeuvres-pour-violon-et-piano\/","title":{"rendered":"Le Temps Retrouv\u00e9 &#8211; Oeuvres pour violon et piano"},"content":{"rendered":"<p>[vc_row][vc_column][vc_column_text]<em>\u00ab Les vrais paradis sont les paradis qu\u2019on a perdus. \u00bb<\/em><br \/>\n<em>&#8211; Marcel Proust<\/em><\/p>\n<p>\u00c0 travers quelques chefs\u2010d\u2019oeuvre inspir\u00e9s par l\u2019art incomparable d\u2019 Eug\u00e8ne Ysa\u00ffe, Li-Kung Kuo et C\u00e9dric Lorel prolongent la qu\u00eate de Marcel Proust dans Le Temps retrouv\u00e9 en associant des compositeurs qui se crois\u00e8rent des derni\u00e8res d\u00e9cennies du XIXe si\u00e8cle \u00e0 la fin de la Belle \u00c9poque.[\/vc_column_text][\/vc_column][\/vc_row][vc_row][vc_column width=\u00a0\u00bb1\/2&Prime;][vc_column_text]<\/p>\n<h3 style=\"text-align: center;\">EPK Teaser<\/h3>\n<p>[\/vc_column_text][vc_video link=\u00a0\u00bbhttps:\/\/www.youtube.com\/watch?v=0s-1ztFYkmo\u00a0\u00bb align=\u00a0\u00bbcenter\u00a0\u00bb css=\u00a0\u00bb.vc_custom_1582073594539{margin-right: 2.5% !important;margin-left: 5% !important;}\u00a0\u00bb][\/vc_column][vc_column width=\u00a0\u00bb1\/2&Prime;][vc_column_text]<\/p>\n<h3 style=\"text-align: center;\">Extraits<\/h3>\n<p>[\/vc_column_text][\/vc_column][\/vc_row][vc_row][vc_column][vc_column_text]<\/p>\n<h3 style=\"text-align: center;\">Critiques<\/h3>\n<p>[\/vc_column_text]\t\t\t\t<ul class=\"tabs qt-tabs qt-content-primary-dark qt-small\">\n\t\t\t\t\t\t\t\t\t\t\t\t<li class=\"tab\"><a href=\"#qttabsfaafclassiquenewscom\">Classiquenews.com<\/a><\/li>\n\t\t\t\t\t\t\t\t\t\t\t\t\t\t<li class=\"tab\"><a href=\"#qttabsfaaflexnewsfr\">Lexnews.fr<\/a><\/li>\n\t\t\t\t\t\t\t\t\t\t\t<\/ul>\n\t\t\t\t\t\t\t\t\t\t<div id=\"qttabsfaafclassiquenewscom\" class=\"qt-paper qt-paddedcontent\">\n\t\t\t\t\t\t\t<p>\u2026.. le violoniste Li-Kung KUO et le pianiste C\u00e9dric LOREL m\u00ealent avec intelligence et avec un vrai go\u00fbt des filiations et des correspondances quatre compositeurs fran\u00e7ais aux temp\u00e9raments distincts ; tous se rejoignent sur un point : l\u2019expression la plus juste et la plus pr\u00e9cise du sentiment int\u00e9rieur. A la fois expressifs (et mesur\u00e9s), et introspectifs (sans appuis excessifs), les deux interpr\u00e8tes ressuscitent un \u00e2ge d\u2019or de la musique de chambre fran\u00e7aise \u00e0 l\u2019\u00e9poque d\u2019A la recherche du temps perdu\u2026\u2026<\/p>\n<p>\u2026.. C\u2019est sous les doigts du taiwanais Li-King Kuo, le d\u00e9ploiement de cette sensibilit\u00e9 claire et transparente, ligne \u00e9perdue, \u00e9tir\u00e9e jusqu\u2019aux confins du souffle, essentiellement fran\u00e7aise\u2026\u2026 La qualit\u00e9 du chant du violon (Testore 1700, \u00ab ex Galamian \u00bb) s\u2019\u00e9panouit sans emphase en toute complicit\u00e9 avec le Bechstein, le piano pr\u00e9f\u00e9r\u00e9 de Debussy.<\/p>\n\t\t\t\t\t\t<\/div>\n\t\t\t\t\t\t\t\t\t\t\t\t<div id=\"qttabsfaaflexnewsfr\" class=\"qt-paper qt-paddedcontent\">\n\t\t\t\t\t\t\t<p>\u2026.. C\u2019est cet esprit qui anime \u00e9galement les deux musiciens Li-Kung Kuo et C\u00e9dric Lorel dans ce bel enregistrement \u00ab Le Temps retrouv\u00e9 \u00bb et offrant une d\u00e9licieuse immersion dans l\u2019univers musical du grand \u00e9crivain.  \u2026.. Li-Kung Kuo et C\u00e9dric Lorel manifestent non seulement leur qualit\u00e9 d\u2019interpr\u00e8te dans cette \u0153uvre exigeante, mais d\u00e9montrent \u00e9galement une rare sensibilit\u00e9 \u00e0 ce paysage musical compos\u00e9 de subtiles nuances et variations parfaitement rendues. Il fallait une conclusion digne du th\u00e8me retenu pour ce bel enregistrement, la parole sera laiss\u00e9e \u00e0 Reynaldo Hahn en \u00e9cho \u00e0 la musique omnipr\u00e9sente de Marcel Proust dans La Recherche avec cet inoubliable Nocturne empreint d\u2019une po\u00e9sie digne de celle des Salons d\u00e9filant au gr\u00e9 des pages du grand romancier, une habile mani\u00e8re de sugg\u00e9rer Le Temps retrouv\u00e9 et Cronos superbement vaincu.<\/p>\n\t\t\t\t\t\t<\/div>\n\t\t\t\t\t\t[\/vc_column][\/vc_row]<\/p>\n","protected":false},"excerpt":{"rendered":"<p>Li-Kung Kuo, violon<br \/>\nC\u00e9dric Lorel, piano<\/p>\n","protected":false},"featured_media":390,"comment_status":"closed","ping_status":"closed","template":"","meta":{"_monsterinsights_skip_tracking":false,"_monsterinsights_sitenote_active":false,"_monsterinsights_sitenote_note":"","_monsterinsights_sitenote_category":0},"product_brand":[],"product_cat":[31],"product_tag":[],"royalty-types":[],"trackgenre":[],"tracksoftware":[],"class_list":{"0":"post-433","1":"product","2":"type-product","3":"status-publish","4":"has-post-thumbnail","6":"product_cat-non-classe","8":"first","9":"instock","10":"taxable","11":"shipping-taxable","12":"purchasable","13":"product-type-simple"},"_links":{"self":[{"href":"https:\/\/cadencebrillante.com\/index.php\/wp-json\/wp\/v2\/product\/433","targetHints":{"allow":["GET"]}}],"collection":[{"href":"https:\/\/cadencebrillante.com\/index.php\/wp-json\/wp\/v2\/product"}],"about":[{"href":"https:\/\/cadencebrillante.com\/index.php\/wp-json\/wp\/v2\/types\/product"}],"replies":[{"embeddable":true,"href":"https:\/\/cadencebrillante.com\/index.php\/wp-json\/wp\/v2\/comments?post=433"}],"wp:featuredmedia":[{"embeddable":true,"href":"https:\/\/cadencebrillante.com\/index.php\/wp-json\/wp\/v2\/media\/390"}],"wp:attachment":[{"href":"https:\/\/cadencebrillante.com\/index.php\/wp-json\/wp\/v2\/media?parent=433"}],"wp:term":[{"taxonomy":"product_brand","embeddable":true,"href":"https:\/\/cadencebrillante.com\/index.php\/wp-json\/wp\/v2\/product_brand?post=433"},{"taxonomy":"product_cat","embeddable":true,"href":"https:\/\/cadencebrillante.com\/index.php\/wp-json\/wp\/v2\/product_cat?post=433"},{"taxonomy":"product_tag","embeddable":true,"href":"https:\/\/cadencebrillante.com\/index.php\/wp-json\/wp\/v2\/product_tag?post=433"},{"taxonomy":"royalty-types","embeddable":true,"href":"https:\/\/cadencebrillante.com\/index.php\/wp-json\/wp\/v2\/royalty-types?post=433"},{"taxonomy":"trackgenre","embeddable":true,"href":"https:\/\/cadencebrillante.com\/index.php\/wp-json\/wp\/v2\/trackgenre?post=433"},{"taxonomy":"tracksoftware","embeddable":true,"href":"https:\/\/cadencebrillante.com\/index.php\/wp-json\/wp\/v2\/tracksoftware?post=433"}],"curies":[{"name":"wp","href":"https:\/\/api.w.org\/{rel}","templated":true}]}}